0131203 (base 4) to base 15
13c1c8
What is -9c597b (base 13) in base 4?
-32012211101
Convert 2969431 (base 10) to base 12.
bb2507
4074 (base 8) to base 16
83c
8c80e (base 16) to base 3
1002020102220
What is 13103133132 (base 4) in base 16?
1d37de
Convert 66127 (base 13) to base 14.
4b486
1111101220 (base 4) to base 13
c2ca4
Convert -200b9 (base 15) to base 13.
-3721b
What is 5972a (base 11) in base 10?
86063
Convert 9a2975 (base 12) to base 6.
124314225
Convert -1634715 (base 9) to base 12.
-379bab
-218b90 (base 15) to base 9
-3006350
23242060 (base 7) to base 12
826a37
Convert -1101100100000001001 (base 2) to base 13.
-127397
504454 (base 8) to base 9
272863
What is 377367 (base 9) in base 16?
37c81
Convert -20122212201200 (base 3) to base 5.
-1401244210
Convert -c7d1a (base 16) to base 9.
-1476637
-c1a5c5 (base 16) to base 14
-1984d5b
-56ea (base 16) to base 14
-8174
132311300 (base 4) to base 3
20102021112
What is d891 (base 15) in base 6?
552031
-31421012 (base 5) to base 9
-441872
Convert 28bc6 (base 13) to base 7.
436446
What is -122100221212 (base 3) in base 2?
-1010011011101101110
What is 224a9 (base 11) in base 9?
48573
65aa3 (base 15) to base 11
200772
5e5d6 (base 15) to base 13
a742a
Convert 1111010001010111010 (base 2) to base 6.
14420414
10102110121 (base 4) to base 11
6a8203
Convert 24420220 (base 6) to base 7.
6426600
What is -15a810 (base 15) in base 12?
-426629
-3414204 (base 8) to base 16
-e1884
Convert -13315361 (base 8) to base 12.
-1001755
What is 143231320 (base 5) in base 3?
1102112020111
Convert -344303421 (base 6) to base 16.
-613045
What is 2045714 (base 9) in base 10?
1093351
-2262690 (base 11) to base 2
-1111000101111101001101
Convert 3155a (base 12) to base 9.
107707
What is 44223331 (base 5) in base 6?
12112554
Convert 917977 (base 15) to base 3.
111000002210011
-10000110010101111010000 (base 2) to base 14
-8283ba
Convert -164238b (base 12) to base 8.
-21325633
Convert -110110110100000000001110 (base 2) to base 4.
-312310000032
130340 (base 7) to base 8
57171
Convert -24862 (base 12) to base 4.
-30013022
-6516555 (base 7) to base 12
-323a69
What is -21622537 (base 8) in base 3?
-22202212220202
abb62 (base 12) to base 8
675272
-12230011322 (base 4) to base 8
-6540572
-20002220012 (base 4) to base 7
-23626340
Convert 245965 (base 11) to base 3.
201201220012
What is -1140612 (base 11) in base 9?
-3665348
What is 48f61 (base 16) in base 8?
1107541
What is -ccc143 (base 13) in base 5?
-2213343321
-491344 (base 10) to base 6
-14310424
14220405 (base 6) to base 7
4056365
Convert 348057 (base 10) to base 9.
580400
What is -1201112200 (base 3) in base 10?
-33930
Convert -10d299 (base 15) to base 3.
-1111211200000
-257506 (base 10) to base 15
-51471
What is 110002102212 (base 3) in base 15?
4a79e
What is -100101011110101000110 (base 2) in base 11?
-769767
-11021010111 (base 3) to base 11
-5806a
What is -254611121 (base 7) in base 16?
-f7857b
What is -1141404144 (base 5) in base 3?
-12001102000122
What is -267753 (base 8) in base 15?
-1cd92
Convert -543032542 (base 6) to base 3.
-200011220012122
Convert -104034132 (base 5) to base 8.
-1571566
Convert 101010100111110100 (base 2) to base 6.
3424124
5367271 (base 9) to base 15
3bd0b7
Convert 12a5779 (base 11) to base 9.
4205181
Convert -22201120110120 (base 3) to base 13.
-c64674
What is -1202103143 (base 5) in base 14?
-521261
-470b3b (base 12) to base 13
-30cb09
Convert -1224567 (base 9) to base 16.
-a29bb
What is -22791a (base 13) in base 12?
-334707
Convert -23560535 (base 7) to base 6.
-112552225
604681 (base 11) to base 15
1431ea
Convert -11000110101100110 (base 2) to base 9.
-164487
-16d565 (base 14) to base 11
-4aa944
80082 (base 13) to base 3
102121120110
4205666 (base 7) to base 8
1734633
Convert 314442450 (base 6) to base 2.
10101001001000110011110
Convert -31305540 (base 6) to base 8.
-3363344
Convert -13c36 (base 14) to base 3.
-2111021121
What is -11841b (base 12) in base 14?
-756d1
What is 1132202101 (base 5) in base 6?
132022353
What is -123928 (base 10) in base 8?
-362030
544066 (base 15) to base 5
2011403341
What is -28a12 (base 11) in base 7?
-230660
100010010011001001011 (base 2) to base 5
241431130
What is -5a14605 (base 11) in base 14?
-1570751
Convert 9a1e (base 16) to base 6.
502354
65424 (base 9) to base 2
1010100101011101
-24411243 (base 6) to base 5
-144413321
What is 257270 (base 11) in base 7?
3304410
640494 (base 15) to base 16
48a0ed
Convert -165183 (base 9) to base 11.
-6a884
5275d2 (base 15) to base 4
32331302000
What is 24a60a2 (base 11) in base 10?
4341834
Convert -11b878 (base 14) to base 16.
-94762
Convert -28618b (base 13) to base 3.
-1212000112110
-843700 (base 11) to base 13
-3843b7
Convert 107049 (base 13) to base 9.
648443
31d212 (base 15) to base 9
4416238
Convert -1021112332 (base 4) to base 3.
-120021011211
What is 92bb89 (base 12) in base 15?
306e8c
What is -1040421431 (base 5) in base 12?
-91b280
1111110100101001001 (base 2) to base 3
222100012201
Convert 11010110000110 (base 2) to base 6.
143234
What is 13333202230 (base 4) in base 2?
111111111100010101100
Convert -20312130 (base 4) to base 16.
-8d9c
What is -a8935 (base 11) in base 10?
-158185
125131002 (base 6) to base 11
1447833
Convert 158031 (base 12) to base 6.
11504101
527451 (base 9) to base 7
2444662
Convert ba09e (base 15) to base 9.
1100345
Convert 1412372 (base 8) to base 14.
a5386
Convert -34052365 (base 7) to base 2.
-1011010001001101111110
-2e7cfb (base 16) to base 15
-402aa1
Convert 1160275 (base 8) to base 5.
40212202
-8133d (base 15) to base 12
-178904
What is 275427 (base 14) in base 12?
556623
What is 425118 (base 10) in base 16?
67c9e
What is 76667 (base 8) in base 4?
13312313
What is -25a54 (base 14) in base 10?
-92586
What is 1433341243 (base 5) in base 14?
71215a
Convert 11021000011102 (base 3) to base 14.
42cd44
What is -284479 (base 11) in base 8?
-1545304
What is -2c7927 (base 13) in base 4?
-10031012223
Convert 3015588 (base 9) to base 12.
6549b2
Convert 1162448 (base 11) to base 2.
111101110000011101000
1a4c98c (base 13) to base 10
8681984
What is -42264401 (base 7) in base 5?
-1404012214
Convert -11110001100110001 (base 2) to base 6.
-2352401
What is 4232410 (base 5) in base 9?
117326
Convert -100001111111110110 (base 2) to base 16.
-21ff6
Convert -11232133 (base 7) to base 15.
-1462cd
What is 110101100011000100101 (base 2) in base 12?
707519
Convert 130601 (base 11) to base 3.
101110011120
1634035 (base 7) to base 4
313130110
What is -1602245 (base 7) in base 9?
-363745
221212021122120 (base 3) to base 9
27767576
643254 (base 8) to base 16
346ac
Convert b5846 (base 15) to base 4.
2030202000
What is 48a936 (base 13) in base 5?
421042241
Convert 13403332 (base 5) to base 11.
94725
c43912 (base 14) to base 9
13405528
-510525 (base 7) to base 8
-251254
Convert 17163c1 (base 14) to base 8.
53227665
What is -110001101100010111 (base 2) in base 8?
-615427
What is 15042652 (base 7) in base 9?
2607154
114340 (base 10) to base 12
56204
What is -655215 (base 7) in base 2?
-11011111111110000
-11000111000001010001100 (base 2) to base 15
-88c459
What is -8b75 (base 12) in base 9?
-23228
Convert 1340441 (base 6) to base 7.
432433
-3123210211 (base 5) to base 15
-879156
What is 15066551 (base 8) in base 13?
933b87
What is -30003102 (base 5) in base 14?
-617bb
18ca6a (base 13) to base 8
2312323
What is 1790534 (base 11) in base 9?
5630173
What is -117127 (base 8) in base 13?
-155b1
What is -2520223 (base 7) in base 14?
-8624a
What is -51dc4a (base 16) in base 6?
-310553030
Convert 157515 (base 14) to base 7.
6242625
Convert -10010001100100011101 (base 2) to base 6.
-20440233
Convert 2073153 (base 9) to base 2.
100001111010001010101
-2052100 (base 8) to base 10
-545856
155372 (base 13) to base 2
10000000010101110011
94379 (base 11) to base 6
2540434
Convert 1942ad8 (base 14) to base 4.
233303120312
1b017 (base 16) to base 15
22b95
What is 1083907 (base 10) in base 5?
234141112
What is -3120763 (base 8) in base 13?
-22ca9c
What is -285095 (base 11) in base 14?
-b8765
What is -860a31 (base 11) in base 2?
-101010000010011011010
Convert -1010220002001 (base 3) to base 4.
-2110130221
Convert 1245505342 (base 6) to base 11.
840a040
51eb5 (base 16) to base 10
335541
Wha